q + 9. Let c be l(-4). Let a(g) = -7*g**2 - 9*g - 10. Let r be 6/4*4/3. Let j(x) = 3*x**2 + 5*x + 5. Let i(w) = c*j(w) + r*a(w). Calculate i(-6).
-1
Let t(l) = 3 - l + 6 - 1. Let q(u) = -2*u - 9. Let b be q(-6). Suppose -b*h = -h. Determine t(h).
8
Let d(o) be the first derivative of -o**2/2 - 6*o - 1. Let m be (-4)/18 - (-65)/9. Let r = m + -12. Give d(r).
-1
Let t(p) be the second derivative of 0 - p + 1/12*p**4 - p**2 + 1/2*p**3. Suppose -4*b = 7 + 5. Calculate t(b).
-2
Let x(o) = o**2 + 15*o + 18. Let v be x(-14). Let a(f) = 2*f - f - 4 + 5. Determine a(v).
5
Let b(w) = -w**2 - w + 15. Let m(x) = x**2 + 5*x + 6. Let h be m(-3). Give b(h).
15
Let l(o) be the first derivative of -o**3/2 - o**2/2 + 2*o - 2. Let u(i) be the first derivative of l(i). Give u(-1).
2
Let z(d) = 4*d + 19. Let v(r) = -2*r - 9. Let x(u) = -7*v(u) - 3*z(u). Let o(i) = 13*i**3 - 2*i**2 + i. Let b be o(1). Suppose -5*h - b = -2*h. What is x(h)?
-2
Let s(t) be the first derivative of -t**4/4 + 2*t**3/3 + t**2/2 - t - 41. Let y(r) = r**3 + 2*r - 1. Let f be y(1). Give s(f).
1
Let w(k) = -3*k - 3. Let d(y) = y**3 - 4*y**2 - 2*y + 5. Suppose 0 = b + z + 16, -z + 52 + 22 = -5*b. Let f be (-1)/3*(b + 3). Let x be d(f). Give w(x).
6
Let u(f) = 12 + f**2 - 13 - 12*f - 9 - 5. Give u(13).
-2
Let z(u) = -5*u + 2*u + 4*u + 8. Determine z(-8).
0
Let s(b) = -4 + 0*b**2 + 6*b**2 + b**3 - 11*b**2. What is s(5)?
-4
Let y(q) = -7*q + 16 - 29 + 12. Calculate y(1).
-8
Let l(s) = -2*s**3 + 4*s**2 - 2*s + 1 + 2 - 2 - 8*s**2. Determine l(-2).
5
Let x = -32 + 45. Let b(d) = x*d + 11*d**2 - 22*d + 10*d. Calculate b(-1).
10
Suppose 0*j = 5*j - 150. Suppose -3*m - 2*k = 21, -3*m - 2*k - j = 3*k. Let v(h) = h + 5. Calculate v(m).
0
Let n(t) = 8*t + 5*t**2 + 14 - 4*t**2 + 0*t**2 - 6. What is n(-6)?
-4
Let i = -26 - -21. Let y(o) = o**3 + 4*o**2 - 8*o - 7. What is y(i)?
8
Let g(s) = s + 1. Let a(w) = w + 14. Let z be a(-7). Determine g(z).
8
Let o(m) = 4*m + m**3 - 5*m**2 + 2*m**3 + 4*m - 4*m**3. What is o(-6)?
-12
Suppose 3*u + 25 = 8*u. Let b(h) = -4*h + 6. Determine b(u).
-14
Let m(u) be the third derivative of -1/120*u**6 + 2/3*u**3 + 0*u + 0 - 2*u**2 - 7/24*u**4 + 2/15*u**5. Let r be m(7). Let k(v) = v - 2. What is k(r)?
2
Let a(o) = o - 8. Let v be -11 - (0 + (2 - 1)). Let m be 45/v + (-2)/8. Let q(z) = -3. Let n(g) = m*a(g) + 11*q(g). What is n(2)?
-9
Suppose p + 4*i + 31 = 4*p, i + 9 = p. Suppose 2*f - f + 5 = -4*a, -p*f + a + 17 = 0. Let z(q) = -q**3 + 2*q**2 + 4. Give z(f).
-5
Let y(j) be the third derivative of 1/6*j**3 + 0 + 0*j**4 - 1/30*j**5 + 0*j - 1/20*j**6 - 3*j**2. Give y(-1).
5
Let d be 7/2 + (-2)/4. Let u(s) = -s**2 + 5*s - 4. Let f be u(d). Let g be 1 - (0 - (f - 7)). Let l(c) = c**3 + 3*c**2 - 4*c + 3. Determine l(g).
3
Suppose -4*p - 6 = -5*o + 26, 2*o = -3*p - 1. Let y(n) = -n**3 - n + 1. Let t(s) = -s**3 + 4*s**2 + 4. Let f(d) = -t(d) + 2*y(d). Calculate f(p).
-5
Let u(r) = 3*r - 12*r + 7*r. Calculate u(2).
-4
Let p(l) be the first derivative of -2*l**3/3 + l**2/2 - 2*l + 2. Suppose 1 + 5 = 3*h. What is p(h)?
-8
Let c(g) = g + 4. Let a be c(-7). Let h(j) = -j**2 - 2*j - 1. What is h(a)?
-4
Let y(f) be the first derivative of 9*f**2/2 - f + 21. Suppose b - 3*b = -6. Suppose 4*a = -5*l - 29, 10 = -b*l + l. Calculate y(a).
-10
Let l = -11 + 19. Let u = l + -3. Let x(v) = -v**3 - 8*v - 1 + v**2 + 2*v + 5*v**2 - 2. Determine x(u).
-8
Suppose -81 = -5*x + 2*q, -3*q = x - 4*q - 18. Suppose -x*z + 14*z - 4 = 0. Let y(g) = -g - 4. Give y(z).
0
Let q(z) = -z**3 + 12*z**2 - 12*z + 14. Suppose -k + 5*k - 44 = 0. Give q(k).
3
Suppose -b = 2*h - 1, -30 = 5*h - 4*b - 0*b. Let k = h + 4. Let o(l) = l**2 - 2*l + 3. Determine o(k).
3
Let u(z) = z**2 + 6*z - 2. Let s(k) = -1. Let x(w) = -s(w) - u(w). Determine x(-7).
-4
Let g(b) = 4*b**2 - 3*b. Suppose 0 = -11*w - 19 + 52. Determine g(w).
27
Let q(t) = 3*t + 1. Let c be 5 - (2 - 3/3). Suppose 2 = 4*g - 2*w, -1 + 18 = -g + c*w. Suppose -3*x - j = 2*j + 15, -g*j - 5 = -2*x. Determine q(x).
-5
Suppose -5*k = 3*v - 3, 5*k = k - 12. Let c = v + -4. Let z(a) = 3*a**2 - 3*a + 1. Give z(c).
7
Let d(y) = y + 3*y**2 + 0*y**3 + y**3 - 3 - 1 - 5*y. Let b(t) = t**3 - 5*t**2 + t - 3. Let o be b(3). Let c be (1/2)/(3/o). What is d(c)?
8
Let f = -6 + 8. Let t(v) = 7 - f - v - 6. Give t(1).
-2
Let z(k) be the third derivative of k**4/24 - k**3/3 + k**2. Let c be z(4). Let v(r) = -2*r**3 + 4*r**2 - 4*r + 3. Give v(c).
-5
Let d(w) be the third derivative of -w**5/60 - 7*w**4/24 - 7*w**3/6 + 2*w**2. Let p be d(-5). Let v(h) = 0 - 5*h + p - 3. Determine v(-1).
5
Let w(o) = -2*o + 9. Let z(v) = -1. Let g(n) = w(n) + 2*z(n). What is g(6)?
-5
Let n(q) be the third derivative of q**6/720 + q**4/12 - q**2. Let l(b) be the second derivative of n(b). Calculate l(4).
4
Let u = 0 + 2. Suppose -u*i + 4 = -4. Let b(z) be the second derivative of z**4/12 - 5*z**3/6 + 3*z**2/2 - 34*z. What is b(i)?
-1
Suppose -5*w - 1 = -11. Suppose -4*t - 3*p = t + 3, 2*t + w = -2*p. Let h(c) = -c - 2*c**2 + c + t*c + c. Determine h(2).
-6
Let i(q) be the third derivative of q**6/120 + 7*q**5/60 - q**4/4 + q**3/2 - 11*q**2. Determine i(-8).
-13
Suppose -n + 45 = 4*n. Let g(z) = -z - z - 5 + n. Determine g(5).
-6
Let o(l) = -4*l - 17. Let f be o(-4). Let d(k) = -3*k + 5*k - 16*k. Give d(f).
14
Let h(r) be the second derivative of r**3/2 + r**2/2 + 12*r. Determine h(-4).
-11
Suppose -5 = 3*s + 1. Let i(r) = -6*r - 2. What is i(s)?
10
Let a(y) = 5 - 2*y**2 - 7 + y**2 + 5*y. Let p(f) = -f**3 - f**2 - 2*f + 5. Let b be p(0). Determine a(b).
-2
Let n(w) = w**3 - 3*w**2 - 3*w + 2. Let h(x) be the third derivative of x**4/24 - 4*x**3/3 - 2*x**2. Let y be h(12). Give n(y).
6
Let d(y) = 3 - 3 + 27*y - 28*y. What is d(-7)?
7
Let c(o) be the first derivative of o**4/6 + o**3/2 + o**2 - 2*o - 2. Let h(k) be the first derivative of c(k). Suppose j + 0 = -2. Determine h(j).
4
Let n(m) = -m**3 - 7*m**2 - 5*m - 5. Let d be n(-7). Suppose -4*t + 10 = -2*t, -5*t = -b - d. Let u(j) = j**2 + 4*j + 0 + 9 - 2*j - 15. Calculate u(b).
9
Let c(g) = -3*g**2 - 3 - g**2 + 5*g**2 + 2*g. Give c(2).
5
Let a(y) be the second derivative of y**2 - 1/12*y**4 + 1/2*y**3 + 0 - 4*y. Let c(l) = l**3 - 6*l**2 + 2*l - 7. Let j be c(6). What is a(j)?
-8
Let l(b) = 6*b + 7. Let m(p) = 7*p + 8. Let f(a) = -6*l(a) + 5*m(a). Let o be (-32)/24*(-9)/2. Suppose -11 = 3*h + 5*x, o = -5*h + 3*x + x. Give f(h).
0
Let j(r) = -4 + 15*r + 3 - 11*r - r**2. Give j(5).
-6
Let n(g) = -g**2 + 3*g - 3. Suppose -5*x = 3*t - 22, 4*t + x = 2*x + 14. Suppose -t*q + 7*q - 10 = 5*m, -3*m - 6 = -5*q. Suppose 0 = k - q - 3. What is n(k)?
-3
Let r(u) be the third derivative of -u**2 + 0 + 0*u + u**3 + 1/12*u**4. Calculate r(-4).
-2
Suppose 0 = 2*l + 3*l + 30. Let y(o) = -o**2 - 9*o - 9. Give y(l).
9
Suppose 25 = 4*k - 4*c - 15, -3*k = c - 14. Let y = k + -4. Let s(o) = -2*o - 2. Determine s(y).
-6
Let s(v) be the first derivative of 2*v**3/3 + 5*v**2/2 - v + 6. Let d be -3*(2/(-3) + 2). Give s(d).
11
Let v(f) = f**3 + 2*f**2 - f - 2. Let z = -14 - -12. Give v(z).
0
Let z(i) = -3*i + 5. Suppose -x - 6 = -h, h + 4*x + 0 = 6. Let d(b) = 2*b - 5. Let f(n) = h*d(n) + 5*z(n). Calculate f(-4).
7
Suppose 0 - 12 = -4*d. Let p(w) = -3*w - w**2 + 0*w**2 + 3*w**2 - 1 + 2. Calculate p(d).
10
Let f(n) = 5*n - 7. Let b(h) be the first derivative of -2*h**2 + 7*h - 2. Let u(p) = 4*b(p) + 3*f(p). Give u(0).
7
Let m(h) = -h - 1. Let y(o) = 1. Let q(t) = t + 3. Let u(r) = q(r) - 4*y(r). Let l(f) = f - 9. Let x(p) = l(p) - 2*u(p). Let z be x(-6). What is m(z)?
0
Let u(y) = -8*y**3 + 2*y**2 + 2*y + 1. Let s(m) be the second derivative of -m**4/12 + 7*m**3/6 - 7*m**2/2 - 2*m. Let a be s(6). What is u(a)?
9
Let r be 11/13 - 2/(-13). Let p(n) be the second derivative of -7*n**4/12 + n**2/2 - 6*n. Give p(r).
-6
Let b(i) = -i - 7. Let f(u) = 3. Let j(g) = -2*b(g) - 5*f(g). Let l be 1/(-1) - (-9 - 91/(-13)). Give j(l).
1
Let q(l) = 4*l**2 + 16*l. Let n(m) = m**2 + 5*m. Let o(y) = 10*n(y) - 3*q(y). Determine o(-2).
-12
Let c(d) = -11*d**3 - 19*d**2 - 21*d - 6. Let s(p) be the first derivative of -5*p**4/4 - 3*p**3 - 5*p**2 - 3*p + 4. Let q(y) = 4*c(y) - 9*s(y). What is q(-4)?
-5
Let l(n) = n**2 + 5*n + 3. Let q be -3 + -1 - (8/(-4) + 1). Give l(q).
-3
Suppose 9*w + 6 = 10*w. Let z(v) 